- 6 - 10. Suppose -2*l + 0 = t - 7, 0 = v*t - 2*l + 2. Is p(t) a prime number?
False
Suppose -j - v = -4931 - 3411, -3*v - 16669 = -2*j. Is j prime?
False
Let p(f) = f**3 + 27*f**2 - 4*f - 46. Is p(-26) prime?
False
Suppose 0 = a - 2 - 2, -4*o = -5*a - 120720. Suppose -o = -2*h + t, -4*h = -10*t + 5*t - 60355. Is h a composite number?
True
Suppose 0 = -2*n - 4*y + 414, -2*y - 2*y - 993 = -5*n. Is n composite?
True
Suppose -11*o + 634505 = 8*o. Is o a prime number?
False
Let b(l) = 101*l + 4. Let x(d) = -d + 10. Let a be x(3). Let f be b(a). Let s = f - 300. Is s composite?
True
Suppose 5*y - 202 = -3*l + 818, 2*y - 412 = -2*l. Suppose -y = t + 147. Let a = -199 - t. Is a a prime number?
True
Let f(j) be the second derivative of 21*j**5/5 + j**4/12 + j**3/2 - 3*j**2/2 - 5*j. Is f(2) composite?
True
Is (87845/40)/(4/32) a prime number?
True
Let m(l) = -l + 3. Let i be m(-4). Suppose 4*t + 12 = 2*j - i*j, 3*t + 9 = -3*j. Is (-108)/(0 + t) + -3 a composite number?
True
Suppose a - 38172 = -5*a. Is a prime?
False
Suppose 1845394 = -58*y + 96*y. Is y a composite number?
False
Let i(l) = -7*l**3 - 4*l**2 - 9*l + 5 + 11*l + 3*l**2. Is i(-2) composite?
False
Let w be 8*((-5)/(-2) + 1). Suppose 67 + w = k. Is k composite?
True
Suppose -11472 = -12*i + 82332. Is i prime?
True
Let z = 523 - -34. Suppose -z = 2*s - 1383. Is s composite?
True
Suppose 5*o - 4*o + 7394 = 3*b, -5*b = 4*o - 12329. Suppose 335 = -10*x + b. Is x prime?
False
Let c(u) = -173*u**2 + 17*u - 14. Let m(r) = 173*r**2 - 17*r + 13. Let o(l) = -4*c(l) - 3*m(l). Is o(6) prime?
True
Let w be (1 - (1 - -1)*-1) + 1. Let q = 1 + -1. Suppose -w*b + 1 + 3 = q, -3*b - 671 = -2*i. Is i a prime number?
True
Let w = 9 + -7. Suppose c = -j - 3 - 4, w = c. Let b(m) = -8*m + 7. Is b(j) a prime number?
True
Let c(y) be the first derivative of y**4/4 - y**2 + 1939*y - 4. Is c(0) prime?
False
Let a = 1628 + -225. Is a prime?
False
Let o(s) = -3*s**2 - 14*s - 40. Let h be o(-15). Let z = h + 1172. Is z composite?
True
Is (-10)/20 + 8490/4 prime?
False
Let a = 66 - 63. Let s(d) = 66*d**3 - 2*d**2 - 3*d + 4. Is s(a) a composite number?
False
Suppose 0 = -5*c - 425 + 2685. Suppose 2*i = c - 154. Let u = 260 - i. Is u a composite number?
True
Let b be (4/12)/(6/972). Is 4/(-18) - ((-56226)/b - 2) prime?
False
Let c(n) be the first derivative of 47*n**4/2 - 4*n**3/3 + 3*n**2 - 5*n + 5. Is c(2) a prime number?
True
Let v(q) = -3103*q**2 + 4*q + 6. Let k be v(3). Is k/(-4) - 5/20 prime?
True
Let g(j) = -37*j**3 - 7*j**2 - 3*j + 4. Is g(-7) composite?
False
Suppose 0 = -z + h + 34, -5*z - h + 61 = -115. Let g = 18 - z. Let l = 16 - g. Is l composite?
True
Suppose 5*j = -5*r - 3215, 4*j + 1290 = 2*j - r. Let a = j - -1150. Is a composite?
False
Let n = -7610 + 19857. Is n a composite number?
True
Suppose 0*h - 3*h = -36. Suppose -z = -2*z - k + 3, -3*z + h = 2*k. Suppose z*l - 1265 = -5*x + l, 2*x = 5*l + 534. Is x prime?
True
Suppose 599 + 1016 = 2*s - m, -797 = -s + 4*m. Is s prime?
True
Let m be 0 + 2 - (6 - 20). Let o be ((-1)/(-2))/(4/m). Suppose -3*y - l + 3*l + 139 = 0, o*y = -3*l + 110. Is y a prime number?
False
Is (5/(-15))/((-5)/117285) composite?
True
Suppose -2*n = -2210 + 396. Is n a composite number?
False
Let a(r) = -538*r + 569. Is a(-34) composite?
True
Let h(l) = -517*l**3 + 5*l**2 + 16*l + 10. Is h(-3) prime?
False
Let o = -9239 - -14746. Is o a prime number?
True
Let v be -5*(3 + -4)*19. Suppose -9*x + 15 = -4*x. Suppose 0 = -5*c - 2*o - x*o + v, 0 = -3*c + 4*o + 57. Is c a composite number?
False
Let r = -44 - 98. Is r/(-4)*(2 + 0) prime?
True
Suppose 0 = -259*d + 287*d - 48748. Is d a composite number?
False
Let o = -9381 - -16265. Suppose -4*p + 3269 = 5*m, o = 5*p + 2*m + 2785. Is p a composite number?
False
Let x = 29 - 9. Is 4/x + 61970/25 prime?
False
Suppose 3*s = 5*s - 92. Let f be ((-12)/(-8))/(1/s). Suppose 0 = -4*j + f + 63. Is j a composite number?
True
Suppose 71*x - 307036 = 120171. Is x a composite number?
True
Suppose 0*t - 2*t + 3070 = 0. Suppose -3*f + t = -694. Is f composite?
False
Let t(c) be the third derivative of -29*c**5/4 - 5*c**4/24 - c**3/2 - c**2. Let o be t(-3). Is 10/55 - o/11 a prime number?
False
Suppose -n = -2, 5*i - 2*n = -4 - 20. Let l = -2 - i. Suppose 4*z - 2*u - 533 = 3*u, l*z = -u + 249. Is z composite?
False
Let r(c) = -3*c + 25. Let t(i) = i - 12. Let o(f) = -4*r(f) - 9*t(f). Suppose -j + 6*j = 3*g + 5, -2*g = 2*j - 18. Is o(g) a prime number?
True
Let x(g) = -g - 2. Let j = 9 - 19. Let h be x(j). Let n(v) = 26*v - 5. Is n(h) prime?
False
Suppose 0 = -7*t + 28 + 7. Suppose -2*z + 3*g - t*g + 1754 = 0, g - 3514 = -4*z. Is z prime?
False
Let l(q) = -80*q - 17. Suppose 20*n + 6 = 17*n. Is l(n) a composite number?
True
Is 11/(220/29795)*4 prime?
False
Let h(l) = -24*l + 149. Is h(-7) a prime number?
True
Let z(v) = -172*v**2 + 1 - 3 + 4 + 6*v - 4. Let a be z(4). Is a/(-9) - (-1)/(-3) prime?
False
Let n(x) = 3*x**2 - 3*x + 10883. Is n(0) composite?
False
Let m be (3/(-9))/(1/9). Let n(u) = -5*u**3 - 3*u**2 - u + 4. Is n(m) a prime number?
False
Suppose -59099 = -6*y - 7133. Is y a composite number?
True
Suppose -44*v = -47*v + 519. Suppose 3*b - v = -14. Is b a prime number?
True
Let t(g) = 4*g + 1 + 41*g**2 + 4*g - 25*g**2 + g**3. Is t(-8) a composite number?
False
Is (32/40)/((-6)/(-622245)) - 5 a prime number?
False
Let p be (11 - 6) + 5410 + 3/1. Let m = 8261 - p. Is m composite?
False
Let f = 47492 + -27339. Is f a composite number?
True
Let v = 1805 + -835. Let d = -21 - -23. Suppose -v = -2*z + 4*r, -d*z = -r + 2*r - 985. Is z a prime number?
True
Let w = 34530 + -10249. Is w prime?
True
Is 8/2*(-13 + (-8343)/(-12)) a composite number?
False
Suppose 3*w + 6 = 39. Let t = w - 7. Is -477*(3 - t) - -2 composite?
False
Suppose -3*l + s + 324540 = 0, 3*s - 5*s = -5*l + 540901. Is l a composite number?
False
Let h = -32 + 34. Suppose -z + 2391 = h*z. Is z a prime number?
True
Suppose -1 = 5*j - p - 17, 0 = 3*j + 5*p - 4. Suppose m - 1053 = 2*s, s + 3164 = j*m - 0*m. Is m composite?
True
Suppose 1479 = 26*x - 23*x. Is x a prime number?
False
Let y(g) = 3504*g - 61. Is y(3) prime?
False
Let b = 65 - 62. Suppose -4*i - 2*v = -0*i - 4158, -b*v + 15 = 0. Is i composite?
True
Let l(g) = -18*g + 427. Let p be l(14). Let q = -77 - 39. Let o = p + q. Is o composite?
False
Let z = -6 + 4. Is z/(-5) - 36312/(-120) a composite number?
True
Let u be 2*(-4 - -2)/((-2)/2). Suppose 0 = k + 5*r - 236, -u*r + 13 = -7. Is k prime?
True
Let s = 328 + -11. Is s composite?
False
Let n be (10/3)/(4/312). Let c be ((-32)/(-28))/(4/14). Suppose 4*d = 3*p + n, -117 = -c*d + 5*p + 143. Is d prime?
False
Let u(w) = -96*w - 7. Suppose -5*y + 6 = -m, -5*m - y = 4*y - 30. Suppose 0*z + m*z = -16. Is u(z) prime?
False
Let b(c) = -c**3 - 5*c**2 + 11*c - 9. Suppose 3 - 12 = r. Let u be b(r). Suppose 38 = -2*a + u. Is a a composite number?
False
Let l = 66 - 49. Suppose 4*m = -0*m + 1256. Let a = m + l. Is a composite?
False
Let k = -16 + 22. Let v be (2355/k)/((-4)/(-8)). Let b = 1470 - v. Is b composite?
True
Let d be 26/(-91) - (-23)/7. Is 112 + d/(-1 + 4) composite?
False
Let b be -6 + 12 - (-3 + 2 - -2). Is 3*b/(-15)*-919 prime?
True
Let z be (-2 - (-16)/6) + 1417/39. Suppose -23 = -4*g + z. Is g composite?
True
Suppose 8354 = m + 5*f - 14494, 3*f - 91409 = -4*m. Is m composite?
False
Suppose -6*o - 51 = -3*m - 3*o, 0 = -2*m - 4*o + 28. Let u(k) = 2 - 1 + 6*k + m*k. Is u(3) prime?
True
Let t be (5*1574)/2*2. Suppose 11*u - t = u. Is u a composite number?
False
Let v(x) = -1. Let p(l) = 63*l + 4. Let r be (-15)/(-3) - 0/2. Let a(g) = r*v(g) + p(g). Is a(4) a prime number?
True
Is 19478/8 + 59/236 composite?
True
Suppose -5*h - 20 = 0, 2*a - 18696 = 4*a + 4*h. Is 3/(-4) + a/(-16) composite?
True
Suppose -2*f + 3*v + 46303 = 0, 5*f - 4*v = 41880 + 73867. Is f composite?
True
Let s be -4*((-5)/(-2) - 2 - 1). Is (s + 0)/((-10)/(-3335)) a composite number?
True
Suppose 2*u - 6*q = -3*q + 274, 0 = 5*u - 5*q - 690. Suppose 3 = -0*n + n. Suppose n*t = 7*t - u. Is t prime?
False
Suppose 8*k - 760 = 3*k. Suppose -3*f = -4*s + k - 19, -s + 5*f = -29. Suppose -3*w + 29 = -s. Is w a prime number?
False
Suppose -k + 13 = 3*m, 2*k - 29 = -k + m. Suppose k*q - 16651 = 2359. Is q prime?
True
Suppo